{"id":3904,"date":"2018-02-14T14:38:23","date_gmt":"2018-02-14T13:38:23","guid":{"rendered":"https:\/\/eltex.de\/produkte\/non%20class\u00e9\/misting-tacker\/"},"modified":"2022-09-05T14:40:11","modified_gmt":"2022-09-05T12:40:11","slug":"misting-tacker","status":"publish","type":"product","link":"https:\/\/www.eltex.de\/fr\/produits\/systeme-fr\/farbnebeln-fr\/misting-tacker\/","title":{"rendered":"MISTING TACKER"},"content":{"rendered":"<p>Pour supprimer le brouillard de particules d&rsquo;encre, on utilise une \u00e9lectrode plasma DC brevet\u00e9e \u00e0 double rang\u00e9e, qui agit s\u00e9par\u00e9ment sur les deux flux de particules et assure ainsi une s\u00e9paration optimale des particules. L&rsquo;\u00e9lectrode est connect\u00e9e au g\u00e9n\u00e9rateur haute tension HSG61. Actuellement, le syst\u00e8me MISTING TACKER est utilis\u00e9 pour imprimer des films m\u00e9tallis\u00e9s ainsi que des siliconiseurs (Polytype).<\/p>\n","protected":false},"excerpt":{"rendered":"<p>Suppression du brouillard de particules<\/p>\n","protected":false},"featured_media":10268,"template":"","meta":{"_acf_changed":false},"product_brand":[],"product_cat":[494],"product_tag":[],"class_list":{"0":"post-3904","1":"product","2":"type-product","3":"status-publish","4":"has-post-thumbnail","6":"product_cat-farbnebeln-fr","8":"first","9":"instock","10":"shipping-taxable","11":"product-type-simple"},"acf":[],"yoast_head":"<!-- This site is optimized with the Yoast SEO plugin v27.3 - https:\/\/yoast.com\/product\/yoast-seo-wordpress\/ -->\n<title>MISTING TACKER | Eltex Elektrostatik GmbH<\/title>\n<meta name=\"robots\" content=\"index, follow, max-snippet:-1, max-image-preview:large, max-video-preview:-1\" \/>\n<link rel=\"canonical\" href=\"https:\/\/www.eltex.de\/fr\/produits\/systeme-fr\/farbnebeln-fr\/misting-tacker\/\" \/>\n<meta property=\"og:locale\" content=\"fr_FR\" \/>\n<meta property=\"og:type\" content=\"article\" \/>\n<meta property=\"og:title\" content=\"MISTING TACKER | Eltex Elektrostatik GmbH\" \/>\n<meta property=\"og:description\" content=\"Suppression du brouillard de particules\" \/>\n<meta property=\"og:url\" content=\"https:\/\/www.eltex.de\/fr\/produits\/systeme-fr\/farbnebeln-fr\/misting-tacker\/\" \/>\n<meta property=\"og:site_name\" content=\"Eltex Elektrostatik GmbH\" \/>\n<meta property=\"article:modified_time\" content=\"2022-09-05T12:40:11+00:00\" \/>\n<meta property=\"og:image\" content=\"https:\/\/www.eltex.de\/wp-content\/uploads\/misting_tacker_01-8.jpg\" \/>\n\t<meta property=\"og:image:width\" content=\"1024\" \/>\n\t<meta property=\"og:image:height\" content=\"480\" \/>\n\t<meta property=\"og:image:type\" content=\"image\/jpeg\" \/>\n<meta name=\"twitter:card\" content=\"summary_large_image\" \/>\n<script type=\"application\/ld+json\" class=\"yoast-schema-graph\">{\"@context\":\"https:\\\/\\\/schema.org\",\"@graph\":[{\"@type\":\"WebPage\",\"@id\":\"https:\\\/\\\/www.eltex.de\\\/fr\\\/produits\\\/systeme-fr\\\/farbnebeln-fr\\\/misting-tacker\\\/\",\"url\":\"https:\\\/\\\/www.eltex.de\\\/fr\\\/produits\\\/systeme-fr\\\/farbnebeln-fr\\\/misting-tacker\\\/\",\"name\":\"MISTING TACKER | Eltex Elektrostatik GmbH\",\"isPartOf\":{\"@id\":\"https:\\\/\\\/www.eltex.de\\\/fr\\\/#website\"},\"primaryImageOfPage\":{\"@id\":\"https:\\\/\\\/www.eltex.de\\\/fr\\\/produits\\\/systeme-fr\\\/farbnebeln-fr\\\/misting-tacker\\\/#primaryimage\"},\"image\":{\"@id\":\"https:\\\/\\\/www.eltex.de\\\/fr\\\/produits\\\/systeme-fr\\\/farbnebeln-fr\\\/misting-tacker\\\/#primaryimage\"},\"thumbnailUrl\":\"https:\\\/\\\/www.eltex.de\\\/wp-content\\\/uploads\\\/misting_tacker_01-8.jpg\",\"datePublished\":\"2018-02-14T13:38:23+00:00\",\"dateModified\":\"2022-09-05T12:40:11+00:00\",\"breadcrumb\":{\"@id\":\"https:\\\/\\\/www.eltex.de\\\/fr\\\/produits\\\/systeme-fr\\\/farbnebeln-fr\\\/misting-tacker\\\/#breadcrumb\"},\"inLanguage\":\"fr-FR\",\"potentialAction\":[{\"@type\":\"ReadAction\",\"target\":[\"https:\\\/\\\/www.eltex.de\\\/fr\\\/produits\\\/systeme-fr\\\/farbnebeln-fr\\\/misting-tacker\\\/\"]}]},{\"@type\":\"ImageObject\",\"inLanguage\":\"fr-FR\",\"@id\":\"https:\\\/\\\/www.eltex.de\\\/fr\\\/produits\\\/systeme-fr\\\/farbnebeln-fr\\\/misting-tacker\\\/#primaryimage\",\"url\":\"https:\\\/\\\/www.eltex.de\\\/wp-content\\\/uploads\\\/misting_tacker_01-8.jpg\",\"contentUrl\":\"https:\\\/\\\/www.eltex.de\\\/wp-content\\\/uploads\\\/misting_tacker_01-8.jpg\",\"width\":1024,\"height\":480},{\"@type\":\"BreadcrumbList\",\"@id\":\"https:\\\/\\\/www.eltex.de\\\/fr\\\/produits\\\/systeme-fr\\\/farbnebeln-fr\\\/misting-tacker\\\/#breadcrumb\",\"itemListElement\":[{\"@type\":\"ListItem\",\"position\":1,\"name\":\"Eltex\",\"item\":\"https:\\\/\\\/www.eltex.de\\\/fr\\\/\"},{\"@type\":\"ListItem\",\"position\":2,\"name\":\"Produits\",\"item\":\"https:\\\/\\\/www.eltex.de\\\/fr\\\/produits\\\/\"},{\"@type\":\"ListItem\",\"position\":3,\"name\":\"Syst\u00e8mes\",\"item\":\"https:\\\/\\\/www.eltex.de\\\/fr\\\/cat\u00e9gorie-produit\\\/systeme-fr\\\/\"},{\"@type\":\"ListItem\",\"position\":4,\"name\":\"Brouillard de particules\",\"item\":\"https:\\\/\\\/www.eltex.de\\\/fr\\\/cat\u00e9gorie-produit\\\/systeme-fr\\\/farbnebeln-fr\\\/\"},{\"@type\":\"ListItem\",\"position\":5,\"name\":\"MISTING TACKER\"}]},{\"@type\":\"WebSite\",\"@id\":\"https:\\\/\\\/www.eltex.de\\\/fr\\\/#website\",\"url\":\"https:\\\/\\\/www.eltex.de\\\/fr\\\/\",\"name\":\"Eltex Elektrostatik GmbH\",\"description\":\"Die Eltex Elektrostatik GmbH als moderner Partner der Industrie zur Steigerung von Produktivit\u00e4t, Effizienz und Ertragskraft in vielen Branchen.\",\"potentialAction\":[{\"@type\":\"SearchAction\",\"target\":{\"@type\":\"EntryPoint\",\"urlTemplate\":\"https:\\\/\\\/www.eltex.de\\\/fr\\\/?s={search_term_string}\"},\"query-input\":{\"@type\":\"PropertyValueSpecification\",\"valueRequired\":true,\"valueName\":\"search_term_string\"}}],\"inLanguage\":\"fr-FR\"}]}<\/script>\n<!-- \/ Yoast SEO plugin. -->","yoast_head_json":{"title":"MISTING TACKER | Eltex Elektrostatik GmbH","robots":{"index":"index","follow":"follow","max-snippet":"max-snippet:-1","max-image-preview":"max-image-preview:large","max-video-preview":"max-video-preview:-1"},"canonical":"https:\/\/www.eltex.de\/fr\/produits\/systeme-fr\/farbnebeln-fr\/misting-tacker\/","og_locale":"fr_FR","og_type":"article","og_title":"MISTING TACKER | Eltex Elektrostatik GmbH","og_description":"Suppression du brouillard de particules","og_url":"https:\/\/www.eltex.de\/fr\/produits\/systeme-fr\/farbnebeln-fr\/misting-tacker\/","og_site_name":"Eltex Elektrostatik GmbH","article_modified_time":"2022-09-05T12:40:11+00:00","og_image":[{"width":1024,"height":480,"url":"https:\/\/www.eltex.de\/wp-content\/uploads\/misting_tacker_01-8.jpg","type":"image\/jpeg"}],"twitter_card":"summary_large_image","schema":{"@context":"https:\/\/schema.org","@graph":[{"@type":"WebPage","@id":"https:\/\/www.eltex.de\/fr\/produits\/systeme-fr\/farbnebeln-fr\/misting-tacker\/","url":"https:\/\/www.eltex.de\/fr\/produits\/systeme-fr\/farbnebeln-fr\/misting-tacker\/","name":"MISTING TACKER | Eltex Elektrostatik GmbH","isPartOf":{"@id":"https:\/\/www.eltex.de\/fr\/#website"},"primaryImageOfPage":{"@id":"https:\/\/www.eltex.de\/fr\/produits\/systeme-fr\/farbnebeln-fr\/misting-tacker\/#primaryimage"},"image":{"@id":"https:\/\/www.eltex.de\/fr\/produits\/systeme-fr\/farbnebeln-fr\/misting-tacker\/#primaryimage"},"thumbnailUrl":"https:\/\/www.eltex.de\/wp-content\/uploads\/misting_tacker_01-8.jpg","datePublished":"2018-02-14T13:38:23+00:00","dateModified":"2022-09-05T12:40:11+00:00","breadcrumb":{"@id":"https:\/\/www.eltex.de\/fr\/produits\/systeme-fr\/farbnebeln-fr\/misting-tacker\/#breadcrumb"},"inLanguage":"fr-FR","potentialAction":[{"@type":"ReadAction","target":["https:\/\/www.eltex.de\/fr\/produits\/systeme-fr\/farbnebeln-fr\/misting-tacker\/"]}]},{"@type":"ImageObject","inLanguage":"fr-FR","@id":"https:\/\/www.eltex.de\/fr\/produits\/systeme-fr\/farbnebeln-fr\/misting-tacker\/#primaryimage","url":"https:\/\/www.eltex.de\/wp-content\/uploads\/misting_tacker_01-8.jpg","contentUrl":"https:\/\/www.eltex.de\/wp-content\/uploads\/misting_tacker_01-8.jpg","width":1024,"height":480},{"@type":"BreadcrumbList","@id":"https:\/\/www.eltex.de\/fr\/produits\/systeme-fr\/farbnebeln-fr\/misting-tacker\/#breadcrumb","itemListElement":[{"@type":"ListItem","position":1,"name":"Eltex","item":"https:\/\/www.eltex.de\/fr\/"},{"@type":"ListItem","position":2,"name":"Produits","item":"https:\/\/www.eltex.de\/fr\/produits\/"},{"@type":"ListItem","position":3,"name":"Syst\u00e8mes","item":"https:\/\/www.eltex.de\/fr\/cat\u00e9gorie-produit\/systeme-fr\/"},{"@type":"ListItem","position":4,"name":"Brouillard de particules","item":"https:\/\/www.eltex.de\/fr\/cat\u00e9gorie-produit\/systeme-fr\/farbnebeln-fr\/"},{"@type":"ListItem","position":5,"name":"MISTING TACKER"}]},{"@type":"WebSite","@id":"https:\/\/www.eltex.de\/fr\/#website","url":"https:\/\/www.eltex.de\/fr\/","name":"Eltex Elektrostatik GmbH","description":"Die Eltex Elektrostatik GmbH als moderner Partner der Industrie zur Steigerung von Produktivit\u00e4t, Effizienz und Ertragskraft in vielen Branchen.","potentialAction":[{"@type":"SearchAction","target":{"@type":"EntryPoint","urlTemplate":"https:\/\/www.eltex.de\/fr\/?s={search_term_string}"},"query-input":{"@type":"PropertyValueSpecification","valueRequired":true,"valueName":"search_term_string"}}],"inLanguage":"fr-FR"}]}},"_links":{"self":[{"href":"https:\/\/www.eltex.de\/fr\/wp-json\/wp\/v2\/product\/3904","targetHints":{"allow":["GET"]}}],"collection":[{"href":"https:\/\/www.eltex.de\/fr\/wp-json\/wp\/v2\/product"}],"about":[{"href":"https:\/\/www.eltex.de\/fr\/wp-json\/wp\/v2\/types\/product"}],"wp:featuredmedia":[{"embeddable":true,"href":"https:\/\/www.eltex.de\/fr\/wp-json\/wp\/v2\/media\/10268"}],"wp:attachment":[{"href":"https:\/\/www.eltex.de\/fr\/wp-json\/wp\/v2\/media?parent=3904"}],"wp:term":[{"taxonomy":"product_brand","embeddable":true,"href":"https:\/\/www.eltex.de\/fr\/wp-json\/wp\/v2\/product_brand?post=3904"},{"taxonomy":"product_cat","embeddable":true,"href":"https:\/\/www.eltex.de\/fr\/wp-json\/wp\/v2\/product_cat?post=3904"},{"taxonomy":"product_tag","embeddable":true,"href":"https:\/\/www.eltex.de\/fr\/wp-json\/wp\/v2\/product_tag?post=3904"}],"curies":[{"name":"wp","href":"https:\/\/api.w.org\/{rel}","templated":true}]}}

https://eltex.de/produkte/non%20classé/misting-tacker/

<p>Pour supprimer le brouillard de particules d&rsquo;encre, on utilise une électrode plasma DC brevetée à double rangée, qui agit séparément sur les deux flux de particules et assure ainsi une séparation optimale des particules. L&rsquo;électrode est connectée au générateur haute tension HSG61. Actuellement, le système MISTING TACKER est utilisé pour imprimer des films métallisés ainsi que des siliconiseurs (Polytype).</p>

<!-- This site is optimized with the Yoast SEO plugin v27.3 - https://yoast.com/product/yoast-seo-wordpress/ -->
<title>MISTING TACKER | Eltex Elektrostatik GmbH</title>
<meta name="robots" content="index, follow, max-snippet:-1, max-image-preview:large, max-video-preview:-1" />
<link rel="canonical" href="https://www.eltex.de/fr/produits/systeme-fr/farbnebeln-fr/misting-tacker/" />
<meta property="og:locale" content="fr_FR" />
<meta property="og:type" content="article" />
<meta property="og:title" content="MISTING TACKER | Eltex Elektrostatik GmbH" />
<meta property="og:description" content="Suppression du brouillard de particules" />
<meta property="og:url" content="https://www.eltex.de/fr/produits/systeme-fr/farbnebeln-fr/misting-tacker/" />
<meta property="og:site_name" content="Eltex Elektrostatik GmbH" />
<meta property="article:modified_time" content="2022-09-05T12:40:11+00:00" />
<meta property="og:image" content="https://www.eltex.de/wp-content/uploads/misting_tacker_01-8.jpg" />
	<meta property="og:image:width" content="1024" />
	<meta property="og:image:height" content="480" />
	<meta property="og:image:type" content="image/jpeg" />
<meta name="twitter:card" content="summary_large_image" />
<script type="application/ld+json" class="yoast-schema-graph">{"@context":"https:\/\/schema.org","@graph":[{"@type":"WebPage","@id":"https:\/\/www.eltex.de\/fr\/produits\/systeme-fr\/farbnebeln-fr\/misting-tacker\/","url":"https:\/\/www.eltex.de\/fr\/produits\/systeme-fr\/farbnebeln-fr\/misting-tacker\/","name":"MISTING TACKER | Eltex Elektrostatik GmbH","isPartOf":{"@id":"https:\/\/www.eltex.de\/fr\/#website"},"primaryImageOfPage":{"@id":"https:\/\/www.eltex.de\/fr\/produits\/systeme-fr\/farbnebeln-fr\/misting-tacker\/#primaryimage"},"image":{"@id":"https:\/\/www.eltex.de\/fr\/produits\/systeme-fr\/farbnebeln-fr\/misting-tacker\/#primaryimage"},"thumbnailUrl":"https:\/\/www.eltex.de\/wp-content\/uploads\/misting_tacker_01-8.jpg","datePublished":"2018-02-14T13:38:23+00:00","dateModified":"2022-09-05T12:40:11+00:00","breadcrumb":{"@id":"https:\/\/www.eltex.de\/fr\/produits\/systeme-fr\/farbnebeln-fr\/misting-tacker\/#breadcrumb"},"inLanguage":"fr-FR","potentialAction":[{"@type":"ReadAction","target":["https:\/\/www.eltex.de\/fr\/produits\/systeme-fr\/farbnebeln-fr\/misting-tacker\/"]}]},{"@type":"ImageObject","inLanguage":"fr-FR","@id":"https:\/\/www.eltex.de\/fr\/produits\/systeme-fr\/farbnebeln-fr\/misting-tacker\/#primaryimage","url":"https:\/\/www.eltex.de\/wp-content\/uploads\/misting_tacker_01-8.jpg","contentUrl":"https:\/\/www.eltex.de\/wp-content\/uploads\/misting_tacker_01-8.jpg","width":1024,"height":480},{"@type":"BreadcrumbList","@id":"https:\/\/www.eltex.de\/fr\/produits\/systeme-fr\/farbnebeln-fr\/misting-tacker\/#breadcrumb","itemListElement":[{"@type":"ListItem","position":1,"name":"Eltex","item":"https:\/\/www.eltex.de\/fr\/"},{"@type":"ListItem","position":2,"name":"Produits","item":"https:\/\/www.eltex.de\/fr\/produits\/"},{"@type":"ListItem","position":3,"name":"Systèmes","item":"https:\/\/www.eltex.de\/fr\/catégorie-produit\/systeme-fr\/"},{"@type":"ListItem","position":4,"name":"Brouillard de particules","item":"https:\/\/www.eltex.de\/fr\/catégorie-produit\/systeme-fr\/farbnebeln-fr\/"},{"@type":"ListItem","position":5,"name":"MISTING TACKER"}]},{"@type":"WebSite","@id":"https:\/\/www.eltex.de\/fr\/#website","url":"https:\/\/www.eltex.de\/fr\/","name":"Eltex Elektrostatik GmbH","description":"Die Eltex Elektrostatik GmbH als moderner Partner der Industrie zur Steigerung von Produktivität, Effizienz und Ertragskraft in vielen Branchen.","potentialAction":[{"@type":"SearchAction","target":{"@type":"EntryPoint","urlTemplate":"https:\/\/www.eltex.de\/fr\/?s={search_term_string}"},"query-input":{"@type":"PropertyValueSpecification","valueRequired":true,"valueName":"search_term_string"}}],"inLanguage":"fr-FR"}]}</script>
<!-- / Yoast SEO plugin. -->

Systèmes

https://www.eltex.de/fr/catégorie-produit/systeme-fr/

https://www.eltex.de/fr/catégorie-produit/systeme-fr/farbnebeln-fr/

Die Eltex Elektrostatik GmbH als moderner Partner der Industrie zur Steigerung von Produktivität, Effizienz und Ertragskraft in vielen Branchen.
